f 29?
False
Is 1132976 a multiple of 7?
False
Is 9 a factor of 3403746?
True
Is 284 a factor of 19351435?
False
Does 35 divide 479570?
True
Does 189 divide 221886?
True
Is 358 a factor of 2371750?
True
Is 37611 a multiple of 108?
False
Does 6 divide 366818?
False
Does 81 divide 166617?
True
Is 293 a factor of 223934?
False
Does 10 divide 231450?
True
Is 199905 a multiple of 267?
False
Is 766545 a multiple of 7?
False
Is 36905 a multiple of 305?
True
Does 40 divide 202473?
False
Is 9195981 a multiple of 978?
False
Is 121 a factor of 109989?
True
Does 90 divide 690984?
False
Is 18 a factor of 441646?
False
Is 514917 a multiple of 726?
False
Does 6 divide 149628?
True
Is 528 a factor of 14428171?
False
Does 12 divide 8623?
False
Is 328 a factor of 934167?
False
Is 12795 a multiple of 23?
False
Is 127414 a multiple of 28?
False
Is 197881 a multiple of 16?
False
Is 414951 a multiple of 79?
False
Does 8 divide 73824?
True
Is 109 a factor of 11903830?
False
Does 15 divide 89203?
False
Is 373441 a multiple of 138?
False
Is 6350184 a multiple of 16?
False
Is 105480 a multiple of 12?
True
Does 65 divide 386620?
True
Does 346 divide 72660?
True
Is 202603 a multiple of 491?
False
Is 63688 a multiple of 16?
False
Is 264 a factor of 3639240?
True
Does 394 divide 1049333?
False
Is 23 a factor of 5310332?
True
Is 285067 even?
False
Is 10 a factor of 6523?
False
Is 401851 a multiple of 251?
True
Is 124388 a multiple of 242?
True
Is 104 a factor of 153302?
False
Is 40 a factor of 159120?
True
Is 22 a factor of 28666?
True
Is 99 a factor of 1415106?
True
Is 444763 a multiple of 24?
False
Is 338 a factor of 25025?
False
Does 91 divide 206934?
True
Is 49445 a multiple of 29?
True
Is 20134 a multiple of 275?
False
Is 12 a factor of 38448?
True
Is 153 a factor of 4727773?
False
Does 18 divide 385405?
False
Does 114 divide 148165?
False
Is 111110 a multiple of 4?
False
Does 12 divide 2537649?
False
Is 132 a factor of 56850?
False
Is 26 a factor of 2358872?
False
Does 13 divide 14101?
False
Is 6 a factor of 12594?
True
Does 480 divide 94803?
False
Does 137 divide 1896985?
False
Does 305 divide 2558208?
False
Does 155 divide 9731147?
False
Does 5 divide 2837365?
True
Does 379 divide 7022870?
True
Is 348 a factor of 26524?
False
Does 252 divide 127764?
True
Does 18 divide 1577736?
True
Does 1102 divide 3169352?
True
Is 22 a factor of 766813?
False
Is 598899 a multiple of 553?
True
Is 9 a factor of 43373?
False
Is 24 a factor of 7938144?
True
Does 327 divide 16343553?
False
Is 508 a factor of 7170420?
True
Is 72 a factor of 9590?
False
Is 174 a factor of 287739?
False
Is 19573110 a multiple of 27?
True
Is 24 a factor of 544179?
False
Is 39012 a multiple of 119?
False
Does 30 divide 1965990?
True
Is 68729 a multiple of 21?
False
Is 622098 a multiple of 6?
True
Is 69 a factor of 11452?
False
Is 551763 a multiple of 303?
True
Does 12 divide 995508?
True
Does 325 divide 3270682?
False
Is 428 a factor of 903727?
False
Is 62 a factor of 144587?
False
Is 161145 a multiple of 41?
False
Is 1050447 a multiple of 43?
True
Does 26 divide 3842990?
False
Is 388 a factor of 491208?
True
Does 178 divide 354281?
False
Is 12 a factor of 5758420?
False
Is 64 a factor of 2790912?
True
Does 7 divide 65247?
True
Is 77066 even?
True
Is 8777432 a multiple of 23?
False
Does 378 divide 7609518?
True
Is 12 a factor of 161880?
True
Is 486 a factor of 7317702?
True
Does 218 divide 587510?
True
Is 198 a factor of 433059?
False
Does 11 divide 1244287?
True
Is 230 a factor of 472899?
False
Does 71 divide 42805?
False
Does 844 divide 9005323?
False
Is 87 a factor of 112229?
False
Is 1092188 a multiple of 10?
False
Is 709 a factor of 915909?
False
Is 704 a factor of 4216256?
True
Does 1642 divide 5492490?
True
Is 240123 a multiple of 611?
True
Is 720632 a multiple of 152?
True
Does 277 divide 17728?
True
Does 381 divide 344846?
False
Is 225 a factor of 1666218?
False
Does 154 divide 54978?
True
Is 5 a factor of 21198?
False
Is 407 a factor of 423280?
True
Is 537707 a multiple of 100?
False
Is 1852463 a multiple of 12?
False
Is 5636851 a multiple of 517?
True
Is 483 a factor of 2561349?
True
Is 14 a factor of 574210?
True
Does 326 divide 895848?
True
Is 5740863 a multiple of 145?
False
Does 258 divide 3008280?
True
Does 489 divide 1261300?
False
Does 47 divide 23747353?
False
Is 13 a factor of 171087?
False
Is 16 a factor of 9430448?
True
Is 119974 a multiple of 223?
True
Is 196857 even?
False
Is 166 a factor of 316894?
True
Is 2397416 a multiple of 31?
True
Is 341226 a multiple of 5?
False
Is 4520801 a multiple of 684?
False
Is 25 a factor of 242575?
True
Does 433 divide 1492984?
True
Is 495 a factor of 8518332?
False
Is 3920352 a multiple of 16?
True
Is 967065 a multiple of 92?
False
Is 114620 a multiple of 5?
True
Does 97 divide 461091?
False
Does 25 divide 3519000?
True
Does 243 divide 1950380?
False
Is 128 a factor of 162688?
True
Is 8992 a multiple of 32?
True
Is 314295 a multiple of 240?
False
Is 1438344 a multiple of 24?
True
Does 23 divide 1942465?
True
Does 6 divide 11015914?
False
Is 7 a factor of 536887?
False
Is 607 a factor of 430970?
True
Is 182 a factor of 150907?
False
Is 30480555 a multiple of 107?
True
Is 1750763 a multiple of 133?
False
Is 98 a factor of 1484657?
False
Is 226 a factor of 1403460?
True
Is 1172886 a multiple of 13?
True
Is 180 a factor of 1413951?
False
Does 42 divide 22756608?
True
Does 7 divide 467411?
True
Is 174 a factor of 3189?
False
Does 12 divide 2198127?
False
Is 487 a factor of 92137?
False
Is 4926 a multiple of 2?
True
Is 24 a factor of 10212480?
True
Is 40 a factor of 1011360?
True
Is 59664 a multiple of 113?
True
Is 338606 a multiple of 20?
False
Is 131260 a multiple of 132?
False
Is 7 a factor of 10328792?
False
Is 323052 a multiple of 21?
False
Does 119 divide 11644507?
True
Is 2107 a factor of 9639525?
True
Is 71 a factor of 42474?
False
Is 2 a factor of 189579?
False
Is 16 a factor of 178848?
True
Does 31 divide 3972712?
True
Does 167 divide 5232724?
False
Does 26 divide 21060?
True
Does 766 divide 2460392?
True
Does 128 divide 209806?
False
Is 50 a factor of 485274?
False
Is 754 a factor of 45994?
True
Is 209 a factor of 18632430?
False
Is 14 a factor of 244062?
True
Is 40 a factor of 41440?
True
Does 27 divide 7621483?
False
Is 35507 a multiple of 16?
False
Is 27 a factor of 792423?
True
Is 49 a factor of 12443177?
False
Is 21 a factor of 4387839?
False
Is 3352078 a multiple of 2?
True
Is 3 a factor of 183351?
True
Is 6738480 a multiple of 12?
True
Does 35 divide 25585?
True
Does 252 divide 15312780?
True
Does 240 divide 79200?
True
Does 24 divide 177305?
False
Is 453 a factor of 2882387?
False
Does 9 divide 1576791?
True
Is 183646 a multiple of 15?
False
Is 214 a factor of 62167?
False
Does 99 divide 13210758?
True
Is 180 a factor of 697676?
False
Is 147588 a multiple of 42?
True
Does 110 divide 248893?
False
Is 1203017 a multiple of 8?
False
Is 2054338 a multiple of 143?
True
Does 127 divide 39171?
False
Is 5648529 a multiple of 19?
True
Is 286 a factor of 3153303?
False
Is 4760 a multiple of 40?
True
Is 527987 a multiple of 34?
False
Does 117 divide 55664?
False
Is 82 a factor of 444617?
False
Does 47 divide 280308?
True
Is 44 a factor of 5560148?
True
Is 61 a factor of 2352390?
False
Does 147 divide 489937?
False
Is 592449 a multiple of 178?
False
Is 63 a factor of 129715?
False
Is 4 a factor of 100582?
False
Is 1575934 a multiple of 17?
True
Is 18 a factor of 550746?
True
Is 190 a factor of 81700?
True
Is 236 a factor of 1146016?
True
Does 14 divide 217538?
False
Is 193841 a multiple of 9?
False
Is 50 a factor of 5276750?
True
Is 6406562 a multiple of 20?
False
Is 71 a factor of 3132591?
True
Is 7035910 a multiple of 490?
True
Is 43 a factor of 3259183?
False
Is 8332931 a multiple of 1041?
False
Is 174979 a multiple of 4?
False
Does 21 divide 13600?
False
Does 71 divide 1113351?
True
Does 6 divide 104436?
True
Is 25 a factor of 3372200?
True
Is 4852172 a multiple of 1251?
False
Is 9 a factor of 826621?
False
Is 50 a factor of 808047?
False
Does 95 divide 60800?
True
Does 29 divide 1603271?
False
Is 1399014 a multiple of 7?
False
Is 6 a factor of 3360?
True
Does 10 divide 603886?
False
Does 43 divide 79378?
True
Is 5755630 a multiple of 41?
Fa